{"id":18,"date":"2023-08-27T17:12:45","date_gmt":"2023-08-27T17:12:45","guid":{"rendered":"https:\/\/www.ecorallypraha.cz\/?page_id=18"},"modified":"2025-08-13T11:01:11","modified_gmt":"2025-08-13T11:01:11","slug":"prihlasky","status":"publish","type":"page","link":"https:\/\/www.ecorallypraha.cz\/?page_id=18","title":{"rendered":"P\u0158IHL\u00c1\u0160KY"},"content":{"rendered":"\n<p>P\u0159ihl\u00e1\u0161ky budou otev\u0159eny od 18. srpna do 5. prosince 2025 zde:<\/p>\n\n\n\n<p><a href=\"https:\/\/forms.gle\/JckgvkLT6cFxA71h9\"><strong>https:\/\/forms.gle\/JckgvkLT6cFxA71h<\/strong><\/a><strong><a href=\"https:\/\/forms.gle\/JckgvkLT6cFxA71h9\">9<\/a>5<\/strong><\/p>\n\n\n\n<p>Startovn\u00e9: 3000,- K\u010d pro spalovac\u00ed auta<\/p>\n\n\n\n<p>Startovn\u00e9: 6000,- K\u010d pro elektromobily <\/p>\n\n\n\n<p>Variabiln\u00ed symbol: 13122025<\/p>\n\n\n\n<p>Do zpr\u00e1vy pro p\u0159\u00edjemce pros\u00edm napi\u0161te: Jm\u00e9no a P\u0159\u00edjmen\u00ed jezdce = nutn\u00e9 pro sp\u00e1rov\u00e1n\u00ed plateb <\/p>\n\n\n\n<p><strong>\u010c\u00edslo \u00fa\u010dtu pro platbu startovn\u00e9ho: 247319339\/0800<\/strong><\/p>\n\n\n\n<p>Term\u00edn akce: 12. a 13. prosinec 2025 <\/p>\n\n\n\n<p><\/p>\n\n\n\n<figure class=\"wp-block-image size-large\"><img loading=\"lazy\" decoding=\"async\" width=\"1024\" height=\"683\" src=\"https:\/\/www.ecorallypraha.cz\/wp-content\/uploads\/2025\/02\/Fotka-TESLA-a-Monika-Homolova-EcoRally-2024-1024x683.jpg\" alt=\"\" class=\"wp-image-320\" srcset=\"https:\/\/www.ecorallypraha.cz\/wp-content\/uploads\/2025\/02\/Fotka-TESLA-a-Monika-Homolova-EcoRally-2024-1024x683.jpg 1024w, https:\/\/www.ecorallypraha.cz\/wp-content\/uploads\/2025\/02\/Fotka-TESLA-a-Monika-Homolova-EcoRally-2024-300x200.jpg 300w, https:\/\/www.ecorallypraha.cz\/wp-content\/uploads\/2025\/02\/Fotka-TESLA-a-Monika-Homolova-EcoRally-2024-768x512.jpg 768w, https:\/\/www.ecorallypraha.cz\/wp-content\/uploads\/2025\/02\/Fotka-TESLA-a-Monika-Homolova-EcoRally-2024-1536x1024.jpg 1536w, https:\/\/www.ecorallypraha.cz\/wp-content\/uploads\/2025\/02\/Fotka-TESLA-a-Monika-Homolova-EcoRally-2024.jpg 2048w\" sizes=\"auto, (max-width: 1024px) 100vw, 1024px\" \/><\/figure>\n\n\n\n<p><\/p>\n","protected":false},"excerpt":{"rendered":"<p>P\u0159ihl\u00e1\u0161ky budou otev\u0159eny od 18. srpna do 5. prosince 2025 zde: https:\/\/forms.gle\/JckgvkLT6cFxA71h95 Startovn\u00e9: 3000,- K\u010d pro spalovac\u00ed auta Startovn\u00e9: 6000,- K\u010d pro elektromobily Variabiln\u00ed symbol: 13122025 Do zpr\u00e1vy pro p\u0159\u00edjemce pros\u00edm napi\u0161te: Jm\u00e9no a P\u0159\u00edjmen\u00ed jezdce = nutn\u00e9 pro sp\u00e1rov\u00e1n\u00ed plateb \u010c\u00edslo \u00fa\u010dtu pro platbu startovn\u00e9ho: 247319339\/0800 Term\u00edn akce: 12. a 13. prosinec 2025<\/p>\n","protected":false},"author":1,"featured_media":0,"parent":0,"menu_order":0,"comment_status":"closed","ping_status":"closed","template":"","meta":{"footnotes":""},"class_list":["post-18","page","type-page","status-publish","hentry"],"_links":{"self":[{"href":"https:\/\/www.ecorallypraha.cz\/index.php?rest_route=\/wp\/v2\/pages\/18","targetHints":{"allow":["GET"]}}],"collection":[{"href":"https:\/\/www.ecorallypraha.cz\/index.php?rest_route=\/wp\/v2\/pages"}],"about":[{"href":"https:\/\/www.ecorallypraha.cz\/index.php?rest_route=\/wp\/v2\/types\/page"}],"author":[{"embeddable":true,"href":"https:\/\/www.ecorallypraha.cz\/index.php?rest_route=\/wp\/v2\/users\/1"}],"replies":[{"embeddable":true,"href":"https:\/\/www.ecorallypraha.cz\/index.php?rest_route=%2Fwp%2Fv2%2Fcomments&post=18"}],"version-history":[{"count":12,"href":"https:\/\/www.ecorallypraha.cz\/index.php?rest_route=\/wp\/v2\/pages\/18\/revisions"}],"predecessor-version":[{"id":345,"href":"https:\/\/www.ecorallypraha.cz\/index.php?rest_route=\/wp\/v2\/pages\/18\/revisions\/345"}],"wp:attachment":[{"href":"https:\/\/www.ecorallypraha.cz\/index.php?rest_route=%2Fwp%2Fv2%2Fmedia&parent=18"}],"curies":[{"name":"wp","href":"https:\/\/api.w.org\/{rel}","templated":true}]}}

PŘIHLÁŠKY

<p>Přihlášky budou otevřeny od 18. srpna do 5. prosince 2025 zde:</p>



<p><a href="https://forms.gle/JckgvkLT6cFxA71h9"><strong>https://forms.gle/JckgvkLT6cFxA71h</strong></a><strong><a href="https://forms.gle/JckgvkLT6cFxA71h9">9</a>5</strong></p>



<p>Startovné: 3000,- Kč pro spalovací auta</p>



<p>Startovné: 6000,- Kč pro elektromobily </p>



<p>Variabilní symbol: 13122025</p>



<p>Do zprávy pro příjemce prosím napište: Jméno a Příjmení jezdce = nutné pro spárování plateb </p>



<p><strong>Číslo účtu pro platbu startovného: 247319339/0800</strong></p>



<p>Termín akce: 12. a 13. prosinec 2025 </p>



<p></p>



<figure class="wp-block-image size-large"><img loading="lazy" decoding="async" width="1024" height="683" src="https://www.ecorallypraha.cz/wp-content/uploads/2025/02/Fotka-TESLA-a-Monika-Homolova-EcoRally-2024-1024x683.jpg" alt="" class="wp-image-320" srcset="https://www.ecorallypraha.cz/wp-content/uploads/2025/02/Fotka-TESLA-a-Monika-Homolova-EcoRally-2024-1024x683.jpg 1024w, https://www.ecorallypraha.cz/wp-content/uploads/2025/02/Fotka-TESLA-a-Monika-Homolova-EcoRally-2024-300x200.jpg 300w, https://www.ecorallypraha.cz/wp-content/uploads/2025/02/Fotka-TESLA-a-Monika-Homolova-EcoRally-2024-768x512.jpg 768w, https://www.ecorallypraha.cz/wp-content/uploads/2025/02/Fotka-TESLA-a-Monika-Homolova-EcoRally-2024-1536x1024.jpg 1536w, https://www.ecorallypraha.cz/wp-content/uploads/2025/02/Fotka-TESLA-a-Monika-Homolova-EcoRally-2024.jpg 2048w" sizes="auto, (max-width: 1024px) 100vw, 1024px" /></figure>



<p></p>

<p>Přihlášky budou otevřeny od 18. srpna do 5. prosince 2025 zde: https://forms.gle/JckgvkLT6cFxA71h95 Startovné: 3000,- Kč pro spalovací auta Startovné: 6000,- Kč pro elektromobily Variabilní symbol: 13122025 Do zprávy pro příjemce prosím napište: Jméno a Příjmení jezdce = nutné pro spárování plateb Číslo účtu pro platbu startovného: 247319339/0800 Termín akce: 12. a 13. prosinec 2025</p>
