{"id":36,"date":"2023-10-02T16:51:06","date_gmt":"2023-10-02T16:51:06","guid":{"rendered":"https:\/\/www.ecorallypraha.cz\/?page_id=36"},"modified":"2025-02-15T17:55:09","modified_gmt":"2025-02-15T17:55:09","slug":"prima-family-cup","status":"publish","type":"page","link":"https:\/\/www.ecorallypraha.cz\/?page_id=36","title":{"rendered":"FAMILY CUP &#8211; toto je archivn\u00ed str\u00e1nka, sout\u011b\u017e se jela v roce  2023."},"content":{"rendered":"\n<p><strong>T\u00e1to, M\u00e1mo, Strejdo, Babi, D\u011bdo,Teto, poje\u010f se mnou Eco Rally. A je to!<\/strong><\/p>\n\n\n\n<p>&#8230; Ahoj, j\u00e1 jsem My\u0161\u00e1k MIKI a uvid\u00edme se na t\u00e9to akci v are\u00e1lu PVA EXPO PRAHA v sobotu 11. listopadu 2023, kdy m\u00e1 sv\u00e1tek m\u016fj kamar\u00e1d My\u0161\u00e1k MARTIN. <\/p>\n\n\n\n<p>Podm\u00ednky pro \u00fa\u010dast v t\u00e9to eco rally jsou nastaveny velice voln\u011b a jednodu\u0161e:<\/p>\n\n\n\n<p><strong>Pro \u00fa\u010dast v&nbsp;sout\u011b\u017ei posta\u010duje platn\u00fd \u0159idi\u010dsk\u00fd pr\u016fkaz pro \u010dlena pos\u00e1dky uveden\u00e9ho jako \u0159idi\u010d a platn\u00e9 poji\u0161t\u011bn\u00ed odpov\u011bdnosti z&nbsp;provozu vozidla.<\/strong><\/p>\n\n\n\n<p>Pro koho je ur\u010den FAMILY CUP:<\/p>\n\n\n\n<p><strong>Family cup je ur\u010den pro rodiny a p\u0159\u00e1tele alternativn\u00edch pohon\u016f, kte\u0159\u00ed&nbsp;si cht\u011bj\u00ed zpest\u0159it v\u00fdstavu e-SALON. Je zde mo\u017enost \u00fa\u010dasti sv\u00fdm s\u00e9riov\u00fdm eko vozem (elektromobil, vod\u00edk, plug-in hybrid a hybrid) na sout\u011b\u017ei v Eco Rallye.<\/strong> <\/p>\n\n\n\n<p>Rodinn\u00e1 nebo jak\u00e1koliv jin\u00e1 pos\u00e1dka mus\u00ed b\u00fdt nejm\u00e9n\u011b t\u0159\u00ed\u010dlenn\u00e1, to jest \u0159idi\u010d, spolujezdec a dal\u0161\u00ed \u010dlen pos\u00e1dky, pokud mo\u017eno d\u00edt\u011b do 15 let. Je doporu\u010deno vz\u00edt s sebou na rally jak\u00e9hokoliv Ply\u0161\u00e1ka. Po skon\u010den\u00ed rally bude uspo\u0159\u00e1d\u00e1na dobro\u010dinn\u00e1 akce, kdy v\u0161ichni Ply\u0161\u00e1ci budou vybr\u00e1ni od pos\u00e1dek a n\u00e1sledn\u011b po akci darov\u00e1ni do vybran\u00e9ho d\u011btsk\u00e9ho domova v \u010cesk\u00e9 republice. Tento ply\u0161ov\u00fd kamar\u00e1d m\u016f\u017ee tak\u00e9 nahradit t\u0159et\u00edho \u010dlena pos\u00e1dky. <\/p>\n\n\n\n<p>&#8230; ji\u017e brzy zde zve\u0159ejn\u00edm dal\u0161\u00ed informace k t\u00e9to rodinn\u00e9 rally!  Zat\u00edm Ahoj. <\/p>\n\n\n\n<p>My\u0161\u00e1k MIKI <\/p>\n\n\n\n<p>&#8230; a je to tady: Zvl\u00e1\u0161tn\u00ed ustanoven\u00ed PRIMA FAMILY CUP 2023 najdete zde: <\/p>\n\n\n\n<p><strong><a href=\"https:\/\/www.ecorallypraha.cz\/wp-content\/uploads\/2023\/10\/ECO-RALLY-PRAHA-2023-Zvlastni-ustanoveni-FAMILY-CUP-12.10.2023-FINAL.pdf\" data-type=\"attachment\" data-id=\"79\">ECO RALLY PRAHA 2023-Zvl\u00e1\u0161tn\u00ed ustanoven\u00ed-FAMILY CUP-12.10.2023-FINAL<\/a> <\/strong><\/p>\n\n\n\n<p>&#8230; ahoj, je 6. listopadu a j\u00e1 u\u017e se t\u011b\u0161\u00edm na osobn\u00ed setk\u00e1n\u00ed v sobotu na STARTU<\/p>\n\n\n\n<p>MIKI<\/p>\n\n\n\n<figure class=\"wp-block-image size-full\"><img loading=\"lazy\" decoding=\"async\" width=\"480\" height=\"640\" src=\"http:\/\/www.ecorallypraha.cz\/wp-content\/uploads\/2023\/11\/Mysak-MIKI--rotated.jpeg\" alt=\"\" class=\"wp-image-193\" srcset=\"https:\/\/www.ecorallypraha.cz\/wp-content\/uploads\/2023\/11\/Mysak-MIKI--rotated.jpeg 480w, https:\/\/www.ecorallypraha.cz\/wp-content\/uploads\/2023\/11\/Mysak-MIKI--225x300.jpeg 225w\" sizes=\"auto, (max-width: 480px) 100vw, 480px\" \/><\/figure>\n","protected":false},"excerpt":{"rendered":"<p>T\u00e1to, M\u00e1mo, Strejdo, Babi, D\u011bdo,Teto, poje\u010f se mnou Eco Rally. A je to! &#8230; Ahoj, j\u00e1 jsem My\u0161\u00e1k MIKI a uvid\u00edme se na t\u00e9to akci v are\u00e1lu PVA EXPO PRAHA v sobotu 11. listopadu 2023, kdy m\u00e1 sv\u00e1tek m\u016fj kamar\u00e1d My\u0161\u00e1k MARTIN. Podm\u00ednky pro \u00fa\u010dast v t\u00e9to eco rally jsou nastaveny velice voln\u011b a jednodu\u0161e: [&hellip;]<\/p>\n","protected":false},"author":1,"featured_media":148,"parent":0,"menu_order":0,"comment_status":"closed","ping_status":"closed","template":"","meta":{"footnotes":""},"class_list":["post-36","page","type-page","status-publish","has-post-thumbnail","hentry"],"_links":{"self":[{"href":"https:\/\/www.ecorallypraha.cz\/index.php?rest_route=\/wp\/v2\/pages\/36","targetHints":{"allow":["GET"]}}],"collection":[{"href":"https:\/\/www.ecorallypraha.cz\/index.php?rest_route=\/wp\/v2\/pages"}],"about":[{"href":"https:\/\/www.ecorallypraha.cz\/index.php?rest_route=\/wp\/v2\/types\/page"}],"author":[{"embeddable":true,"href":"https:\/\/www.ecorallypraha.cz\/index.php?rest_route=\/wp\/v2\/users\/1"}],"replies":[{"embeddable":true,"href":"https:\/\/www.ecorallypraha.cz\/index.php?rest_route=%2Fwp%2Fv2%2Fcomments&post=36"}],"version-history":[{"count":17,"href":"https:\/\/www.ecorallypraha.cz\/index.php?rest_route=\/wp\/v2\/pages\/36\/revisions"}],"predecessor-version":[{"id":325,"href":"https:\/\/www.ecorallypraha.cz\/index.php?rest_route=\/wp\/v2\/pages\/36\/revisions\/325"}],"wp:featuredmedia":[{"embeddable":true,"href":"https:\/\/www.ecorallypraha.cz\/index.php?rest_route=\/wp\/v2\/media\/148"}],"wp:attachment":[{"href":"https:\/\/www.ecorallypraha.cz\/index.php?rest_route=%2Fwp%2Fv2%2Fmedia&parent=36"}],"curies":[{"name":"wp","href":"https:\/\/api.w.org\/{rel}","templated":true}]}}

FAMILY CUP &#8211; toto je archivní stránka, soutěž se jela v roce  2023.

<p><strong>Táto, Mámo, Strejdo, Babi, Dědo,Teto, pojeď se mnou Eco Rally. A je to!</strong></p>



<p>&#8230; Ahoj, já jsem Myšák MIKI a uvidíme se na této akci v areálu PVA EXPO PRAHA v sobotu 11. listopadu 2023, kdy má svátek můj kamarád Myšák MARTIN. </p>



<p>Podmínky pro účast v této eco rally jsou nastaveny velice volně a jednoduše:</p>



<p><strong>Pro účast v&nbsp;soutěži postačuje platný řidičský průkaz pro člena posádky uvedeného jako řidič a platné pojištění odpovědnosti z&nbsp;provozu vozidla.</strong></p>



<p>Pro koho je určen FAMILY CUP:</p>



<p><strong>Family cup je určen pro rodiny a přátele alternativních pohonů, kteří&nbsp;si chtějí zpestřit výstavu e-SALON. Je zde možnost účasti svým sériovým eko vozem (elektromobil, vodík, plug-in hybrid a hybrid) na soutěži v Eco Rallye.</strong> </p>



<p>Rodinná nebo jakákoliv jiná posádka musí být nejméně tříčlenná, to jest řidič, spolujezdec a další člen posádky, pokud možno dítě do 15 let. Je doporučeno vzít s sebou na rally jakéhokoliv Plyšáka. Po skončení rally bude uspořádána dobročinná akce, kdy všichni Plyšáci budou vybráni od posádek a následně po akci darováni do vybraného dětského domova v České republice. Tento plyšový kamarád může také nahradit třetího člena posádky. </p>



<p>&#8230; již brzy zde zveřejním další informace k této rodinné rally!  Zatím Ahoj. </p>



<p>Myšák MIKI </p>



<p>&#8230; a je to tady: Zvláštní ustanovení PRIMA FAMILY CUP 2023 najdete zde: </p>



<p><strong><a href="https://www.ecorallypraha.cz/wp-content/uploads/2023/10/ECO-RALLY-PRAHA-2023-Zvlastni-ustanoveni-FAMILY-CUP-12.10.2023-FINAL.pdf" data-type="attachment" data-id="79">ECO RALLY PRAHA 2023-Zvláštní ustanovení-FAMILY CUP-12.10.2023-FINAL</a> </strong></p>



<p>&#8230; ahoj, je 6. listopadu a já už se těším na osobní setkání v sobotu na STARTU</p>



<p>MIKI</p>



<figure class="wp-block-image size-full"><img loading="lazy" decoding="async" width="480" height="640" src="http://www.ecorallypraha.cz/wp-content/uploads/2023/11/Mysak-MIKI--rotated.jpeg" alt="" class="wp-image-193" srcset="https://www.ecorallypraha.cz/wp-content/uploads/2023/11/Mysak-MIKI--rotated.jpeg 480w, https://www.ecorallypraha.cz/wp-content/uploads/2023/11/Mysak-MIKI--225x300.jpeg 225w" sizes="auto, (max-width: 480px) 100vw, 480px" /></figure>

<p>Táto, Mámo, Strejdo, Babi, Dědo,Teto, pojeď se mnou Eco Rally. A je to! &#8230; Ahoj, já jsem Myšák MIKI a uvidíme se na této akci v areálu PVA EXPO PRAHA v sobotu 11. listopadu 2023, kdy má svátek můj kamarád Myšák MARTIN. Podmínky pro účast v této eco rally jsou nastaveny velice volně a jednoduše: [&hellip;]</p>
